-5*s, -3*c + 25 = -8*c. Calculate the remainder when t is divided by s.
3
Let r(i) = -i**3 + i - 4. Let o(p) be the first derivative of -p**4/4 + 5*p**3/3 - p**2 - 3. What is the remainder when r(-3) is divided by o(3)?
8
Suppose -2*d + y = -3*d + 53, 0 = 4*d - 3*y - 219. Let p = 25 - -112. Let j = p - d. Calculate the remainder when j is divided by 28.
27
Calculate the remainder when (-102)/136 - (1053/(-12) - 3) is divided by 42.
6
Suppose -45*i + 49*i - 1124 = 0. What is the remainder when i is divided by 36?
29
Let a = 10 + -29. Let p = a - -37. Calculate the remainder when p is divided by 4.
2
Let u = 121 - -46. Calculate the remainder when u is divided by 34.
31
Let r = 6 + -1. Let x(b) = -2*b**2 + 10*b - 2. Let u be x(r). What is the remainder when u/17 - 480/(-34) is divided by 3?
2
Let u = 3 + 0. Suppose -35 = -5*j - 3*h, -u*j + h + 0 = -7. Calculate the remainder when (-8)/(-10) + 310/50 is divided by j.
3
Suppose 9 = i + 2. Suppose i*g = 2*g + 10. Let u(b) = b**3 + 2*b**2 - 1. What is the remainder when u(1) is divided by g?
0
Suppose 0 = 5*l - 3*l + o - 245, -3*l + o = -365. What is the remainder when 237 is divided by l?
115
Let t = 166 + -103. Let n(p) = -7*p - 4. What is the remainder when t is divided by n(-3)?
12
Suppose 4*u = 4*b + 580, -3*u + 167 = -5*b - 276. Let a = -83 + u. What is the remainder when 287 is divided by a?
55
Suppose 484*m = 486*m - 82. Calculate the remainder when 149 is divided by m.
26
Suppose -z + 46 - 40 = 0. Let j(a) = 4*a**2 - 15*a + 2. Calculate the remainder when j(z) is divided by 29.
27
Suppose o = 0, -5*m + 10 = -o - 0*o. Suppose 2 - 6 = -m*f. Calculate the remainder when 4 is divided by f.
0
Suppose 2*q + 5*w + 294 - 1557 = 0, -5*q = 5*w - 3180. Calculate the remainder when q is divided by 20.
19
Suppose -18*h = -15*h - 99. Let k be 45/(-7) - h/(-77). Calculate the remainder when 20 is divided by (k/4)/((-3)/22).
9
Calculate the remainder when 256 is divided by (-63)/(-105) - (-44)/10.
1
Suppose -107*k + 4 = -105*k. Suppose -2*d - 2*d + 28 = 2*c, -3*c + d = -21. Calculate the remainder when c is divided by k.
0
What is the remainder when 18 is divided by (-7)/63 - (-73)/9?
2
Let m = 33 + -26. Let r = 7 + m. Calculate the remainder when 53 is divided by r.
11
Suppose 6*n + 12 = 48. Calculate the remainder when 227 is divided by (3/9)/(n/(19*36)).
37
Suppose 13*z + 4547 = 17430. Calculate the remainder when z is divided by 166.
161
What is the remainder when 38 is divided by (-990)/(-35) - (-5 + 185/35)?
10
Suppose 6 = 5*q - 4*y, 5*y + 4 - 9 = 0. Let p = 5 + -3. Suppose p*j + q*j = 12. Calculate the remainder when 3 is divided by j.
0
Suppose 0 = 4*d + 13 + 3, d = -4*f + 52. Let z(b) = 2*b**3 + 1. Calculate the remainder when z(3) is divided by f.
13
Let y = -730 + 731. Let a(v) = -v**2 - 2*v + 4. Suppose 3*c - 2*g = 7*c + 14, -5*c = -g + 14. What is the remainder when a(c) is divided by y?
0
Let d = -452 - -473. What is the remainder when 585 is divided by d?
18
Let u(l) = -l**3 - 6*l**2 + 8*l + 16. Let k(f) = f**2 - 11*f + 9. Let g be k(12). Let x = g + 3. Calculate the remainder when x is divided by u(-7).
6
Let m(k) = k**2 - 24*k + 124. Let w(s) = s**3 + 7*s**2 + 6*s - 3. What is the remainder when w(-5) is divided by m(17)?
2
Let u = -77 - -13. Let g be -4 - (-5)/((-15)/(-6)). Calculate the remainder when 1/(-1) + u/g is divided by 17.
14
Suppose 12*w + 40 = 2*w. What is the remainder when 56 is divided by (-50)/w*48/30?
16
What is the remainder when (-1 + (-3)/(-2))*(-4 - -314) is divided by 13?
12
Suppose 4*s - 49 - 25 = -2*h, -s - 4*h + 15 = 0. Let f = 30 + -14. Suppose -2*n + 4 = -f. What is the remainder when s is divided by n?
9
Let o(u) = u**2 - 2*u - 5. Suppose -p + 3 = 0, -23 = s + s - 3*p. Let g be (-2)/s + 210/(-49). Calculate the remainder when o(g) is divided by 5.
4
Suppose -96*n = -100*n + 92. Let l(w) = 6*w + 70. What is the remainder when n is divided by l(-10)?
3
Let d(h) = 15*h**2 + 53*h - 236. Calculate the remainder when d(4) is divided by 14.
6
Let h = 11 - 1. Let f(i) = -2*i**3 - 2*i**2 + 2*i - 2. Let y be f(-3). Suppose -p + 0*x = -x - y, p = -2*x + 31. What is the remainder when p is divided by h?
9
Suppose -24*r - 174 = -30*r. Calculate the remainder when (-4 + 13/(-1))*-6 is divided by r.
15
Suppose 22 = 2*h + f, -12 = -7*h + 6*h - f. Calculate the remainder when 97 is divided by h.
7
Let b be (4 + (-16)/12)*-6. What is the remainder when 106 + b/(0 - 4) is divided by 37?
36
Suppose -300 = -3*v - 72. Suppose c + 2*c = 0. Let x(b) = -3*b + 26. Calculate the remainder when v is divided by x(c).
24
Suppose -3*j + 191 + 111 = -g, 0 = 2*j - 5*g - 184. What is the remainder when j is divided by 54?
48
Suppose -2*j + 4*j = 4. Suppose r = -3*r - 3*a - 12, 4*r - 8 = j*a. Let h = r + 8. What is the remainder when 63 is divided by h?
7
Let h = 275 + -254. What is the remainder when 103 is divided by h?
19
Let l(g) = g**3 - 4*g**2 - 5*g + 6. Suppose -4*s + 6 + 2 = 0. Calculate the remainder when s/(-9) - 836/(-36) is divided by l(5).
5
Suppose -4*n = 14 + 6. Calculate the remainder when n/15*201/(-1) is divided by 1/5 + (-114)/(-5).
21
Suppose a - 3*v - 23 = 0, -2*a - 4*v = -3*v - 11. Suppose 0 = 3*w - 8*w - 50. What is the remainder when ((-12)/w)/((-8)/(-140)) is divided by a?
5
Let p = 350 - -739. What is the remainder when p is divided by 42?
39
Suppose 2*m - 77 = -5*a, -2*a - 212 = -5*m - 5. What is the remainder when 231 is divided by m?
26
Let u = 387 - 259. Calculate the remainder when 28 is divided by -2 + u/12 - 4/6.
4
Suppose 0 = -x - 3, -7*k + 4*k - 3*x = -93. Calculate the remainder when 149 is divided by k.
13
Let f(s) = s**3 + 4*s**2 - 5*s + 17. Let i be f(-6). Calculate the remainder when 27 is divided by ((-144)/(-80))/((-3)/i).
12
Suppose -26*d + 24*d = 3*o - 627, -2*o + 630 = 2*d. Calculate the remainder when d is divided by 36.
30
Suppose 5*y = -31*y + 9864. Calculate the remainder when y is divided by 77.
43
Suppose 5*u + 12*v = 15*v + 953, 5*u = -2*v + 948. What is the remainder when u is divided by 77?
36
Suppose -4*a - 2*s = -122, 4*s = 2*a + s - 57. Calculate the remainder when 143 is divided by a.
23
What is the remainder when 118 is divided by (-2)/2*(26 + -43)?
16
Let g(w) = -w**3 - 5*w**2 - w + 4. Let v be g(-2). Calculate the remainder when (-4)/v + (-2904)/(-72) is divided by 9.
5
Suppose 3*h = h + 36. Suppose 3*c + 15 + 15 = 0. Let d = h - c. Calculate the remainder when 110 is divided by d.
26
Let t be (1810/200 + 1/(-4))*-5. Let v = t - -53. Calculate the remainder when 13 is divided by v.
4
Let s = 26 + -24. Suppose -3*u - 5*z = -45, s*u = -0*z - 2*z + 26. What is the remainder when 25 is divided by u?
5
Suppose 88 = -o + 3*o. What is the remainder when o is divided by 100/36 + -3 - 310/(-18)?
10
Let w(k) = -k**3 + 4*k**2 + 5*k - 11. Let d be (-4)/14 + (-1224)/(-21). Suppose 0 = -3*n + d + 17. What is the remainder when n is divided by w(4)?
7
Let w(r) = -r**2 + 27*r - 149. What is the remainder when 64 is divided by w(16)?
10
Suppose 0 = -4*d - 2*m + 12, -3*d = -m - 1 - 18. Calculate the remainder when d is divided by 2.
1
Let z(j) = j**3 - j**2 - j + 1. Let v = 50 - 48. Calculate the remainder when (-20)/(-11) - v - 1616/(-176) is divided by z(2).
0
Let z be (-459)/68*4/(-3). Let o = 6 - -11. What is the remainder when o is divided by (-1 - -3 - (12 + -7)) + z?
5
Suppose -2*w + 620 + 578 = 0. What is the remainder when w is divided by 24?
23
Suppose 0 = -2*r + 5 + 1. Suppose -5*k + 6 = -3*n, r = -k - 3*n + 15. Let q(l) = -l**3 + 8*l**2 + 9*l + 6. What is the remainder when q(9) is divided by k?
0
Let s = -101 - -103. What is the remainder when s is divided by 1?
0
Suppose 20 = -6*h + 10*h. Let p(c) = 3*c - 13. What is the remainder when 8 is divided by p(h)?
0
Let h be 3*(2 + -4 + 1). Calculate the remainder when (37 - (h - 1)) + -2 is divided by 10.
9
What is the remainder when 86 is divided by 0 - (1 + -35 - (-1)/1)?
20
Let h(i) = -i + 12. Let m be h(-4). Let q = m + 41. What is the remainder when q is divided by 29?
28
Let z(g) be the first derivative of g**3/3 + g**2 + 4*g - 4. Suppose 3*l = 4 + 5. Calculate the remainder when 55 is divided by z(l).
17
Let s(y) = -3*y + 2. Let i = -28 + 18. Calculate the remainder when (-494)/i - 2